{"id":6046,"date":"2025-01-29T03:00:02","date_gmt":"2025-01-29T03:00:02","guid":{"rendered":"https:\/\/vilaverdeemflor.com\/?post_type=product&#038;p=6046"},"modified":"2026-05-01T07:21:26","modified_gmt":"2026-05-01T07:21:26","slug":"jardim-encantado","status":"publish","type":"product","link":"https:\/\/vilaverdeemflor.com\/en\/product\/jardim-encantado\/","title":{"rendered":"Jardim Encantado"},"content":{"rendered":"<p>Bouquet de mistura de 50cm de diametro , as flores s\u00e3o variaveis pode escolher tons mais claros ou mais escuros<\/p>\n<p>For deliveries in the district of Braga, in the same day!<\/p>\n<p>For the rest of the country to make your order up to 14 to receive in the next day, in the whole of the Uk Mainland!<\/p>","protected":false},"excerpt":{"rendered":"<p>Mixed bouquet with a 50cm diameter, featuring a variety of flowers. You can choose between lighter or darker tones to suit your preference.<\/p>\n<p><strong>Same-day delivery<\/strong> is available within the Braga district!<\/p>\n<p>For the rest of the country, if you place your order by 2 PM, you will receive it the next day across mainland Portugal!<\/p>","protected":false},"featured_media":6047,"comment_status":"open","ping_status":"closed","template":"","meta":{"_themeisle_gutenberg_block_has_review":false},"product_brand":[],"product_cat":[79],"product_tag":[],"class_list":{"0":"post-6046","1":"product","2":"type-product","3":"status-publish","4":"has-post-thumbnail","6":"product_cat-ramos","8":"first","9":"outofstock","10":"taxable","11":"shipping-taxable","12":"purchasable","13":"product-type-simple"},"yoast_head":"<!-- This site is optimized with the Yoast SEO plugin v25.0 - https:\/\/yoast.com\/wordpress\/plugins\/seo\/ -->\n<title>Entrega flores braga | Entrega flores | Florista<\/title>\n<meta name=\"description\" content=\"Bouquet de mistura de 50cm Entregas no distrito de Braga no pr\u00f3prio dia! Para o restante pa\u00eds- se realizar a sua encomenda at\u00e9 as 14h receber\u00e1 no dia seguinte em todo o Portugal Continental!\" \/>\n<meta name=\"robots\" content=\"index, follow, max-snippet:-1, max-image-preview:large, max-video-preview:-1\" \/>\n<link rel=\"canonical\" href=\"https:\/\/vilaverdeemflor.com\/en\/product\/jardim-encantado\/\" \/>\n<meta property=\"og:locale\" content=\"en_GB\" \/>\n<meta property=\"og:type\" content=\"article\" \/>\n<meta property=\"og:title\" content=\"Entrega flores braga | Entrega flores | Florista\" \/>\n<meta property=\"og:description\" content=\"Bouquet de mistura de 50cm Entregas no distrito de Braga no pr\u00f3prio dia! Para o restante pa\u00eds- se realizar a sua encomenda at\u00e9 as 14h receber\u00e1 no dia seguinte em todo o Portugal Continental!\" \/>\n<meta property=\"og:url\" content=\"https:\/\/vilaverdeemflor.com\/en\/product\/jardim-encantado\/\" \/>\n<meta property=\"og:site_name\" content=\"Vila Verde em Flor\" \/>\n<meta property=\"article:publisher\" content=\"https:\/\/facebook.com\/vila.verdeemflor.pt\" \/>\n<meta property=\"article:modified_time\" content=\"2026-05-01T07:21:26+00:00\" \/>\n<meta property=\"og:image\" content=\"http:\/\/vilaverdeemflor.com\/wp-content\/uploads\/2025\/01\/IMG-20241202-WA0044-300x300-1.jpg\" \/>\n\t<meta property=\"og:image:width\" content=\"300\" \/>\n\t<meta property=\"og:image:height\" content=\"300\" \/>\n\t<meta property=\"og:image:type\" content=\"image\/jpeg\" \/>\n<meta name=\"twitter:card\" content=\"summary_large_image\" \/>\n<meta name=\"twitter:label1\" content=\"Estimated reading time\" \/>\n\t<meta name=\"twitter:data1\" content=\"1 minute\" \/>\n<script type=\"application\/ld+json\" class=\"yoast-schema-graph\">{\"@context\":\"https:\/\/schema.org\",\"@graph\":[{\"@type\":\"WebPage\",\"@id\":\"https:\/\/vilaverdeemflor.com\/produto\/jardim-encantado\/\",\"url\":\"https:\/\/vilaverdeemflor.com\/produto\/jardim-encantado\/\",\"name\":\"Entrega flores braga | Entrega flores | Florista\",\"isPartOf\":{\"@id\":\"https:\/\/vilaverdeemflor.com\/#website\"},\"primaryImageOfPage\":{\"@id\":\"https:\/\/vilaverdeemflor.com\/produto\/jardim-encantado\/#primaryimage\"},\"image\":{\"@id\":\"https:\/\/vilaverdeemflor.com\/produto\/jardim-encantado\/#primaryimage\"},\"thumbnailUrl\":\"https:\/\/vilaverdeemflor.com\/wp-content\/uploads\/2025\/01\/IMG-20241202-WA0044-300x300-1.jpg\",\"datePublished\":\"2025-01-29T03:00:02+00:00\",\"dateModified\":\"2026-05-01T07:21:26+00:00\",\"description\":\"Bouquet de mistura de 50cm Entregas no distrito de Braga no pr\u00f3prio dia! Para o restante pa\u00eds- se realizar a sua encomenda at\u00e9 as 14h receber\u00e1 no dia seguinte em todo o Portugal Continental!\",\"breadcrumb\":{\"@id\":\"https:\/\/vilaverdeemflor.com\/produto\/jardim-encantado\/#breadcrumb\"},\"inLanguage\":\"en-GB\",\"potentialAction\":[{\"@type\":\"ReadAction\",\"target\":[\"https:\/\/vilaverdeemflor.com\/produto\/jardim-encantado\/\"]}]},{\"@type\":\"ImageObject\",\"inLanguage\":\"en-GB\",\"@id\":\"https:\/\/vilaverdeemflor.com\/produto\/jardim-encantado\/#primaryimage\",\"url\":\"https:\/\/vilaverdeemflor.com\/wp-content\/uploads\/2025\/01\/IMG-20241202-WA0044-300x300-1.jpg\",\"contentUrl\":\"https:\/\/vilaverdeemflor.com\/wp-content\/uploads\/2025\/01\/IMG-20241202-WA0044-300x300-1.jpg\",\"width\":300,\"height\":300},{\"@type\":\"BreadcrumbList\",\"@id\":\"https:\/\/vilaverdeemflor.com\/produto\/jardim-encantado\/#breadcrumb\",\"itemListElement\":[{\"@type\":\"ListItem\",\"position\":1,\"name\":\"In\u00edcio\",\"item\":\"https:\/\/vilaverdeemflor.com\/\"},{\"@type\":\"ListItem\",\"position\":2,\"name\":\"Loja\",\"item\":\"https:\/\/vilaverdeemflor.com\/loja\/\"},{\"@type\":\"ListItem\",\"position\":3,\"name\":\"Jardim Encantado\"}]},{\"@type\":\"WebSite\",\"@id\":\"https:\/\/vilaverdeemflor.com\/#website\",\"url\":\"https:\/\/vilaverdeemflor.com\/\",\"name\":\"Vila Verde em Flor\",\"description\":\"ORGANIZA\u00c7\u00c3O DE EVENTOS FLORISTA\",\"publisher\":{\"@id\":\"https:\/\/vilaverdeemflor.com\/#organization\"},\"potentialAction\":[{\"@type\":\"SearchAction\",\"target\":{\"@type\":\"EntryPoint\",\"urlTemplate\":\"https:\/\/vilaverdeemflor.com\/?s={search_term_string}\"},\"query-input\":{\"@type\":\"PropertyValueSpecification\",\"valueRequired\":true,\"valueName\":\"search_term_string\"}}],\"inLanguage\":\"en-GB\"},{\"@type\":\"Organization\",\"@id\":\"https:\/\/vilaverdeemflor.com\/#organization\",\"name\":\"Vila Verde em Flor\",\"url\":\"https:\/\/vilaverdeemflor.com\/\",\"logo\":{\"@type\":\"ImageObject\",\"inLanguage\":\"en-GB\",\"@id\":\"https:\/\/vilaverdeemflor.com\/#\/schema\/logo\/image\/\",\"url\":\"https:\/\/vilaverdeemflor.com\/wp-content\/uploads\/2025\/01\/Untitled-1.webp\",\"contentUrl\":\"https:\/\/vilaverdeemflor.com\/wp-content\/uploads\/2025\/01\/Untitled-1.webp\",\"width\":329,\"height\":44,\"caption\":\"Vila Verde em Flor\"},\"image\":{\"@id\":\"https:\/\/vilaverdeemflor.com\/#\/schema\/logo\/image\/\"},\"sameAs\":[\"https:\/\/facebook.com\/vila.verdeemflor.pt\",\"https:\/\/www.instagram.com\/vilaverdeemflor\/\"]}]}<\/script>\n<!-- \/ Yoast SEO plugin. -->","yoast_head_json":{"title":"Entrega flores braga | Entrega flores | Florista","description":"Bouquet de mistura de 50cm Entregas no distrito de Braga no pr\u00f3prio dia! Para o restante pa\u00eds- se realizar a sua encomenda at\u00e9 as 14h receber\u00e1 no dia seguinte em todo o Portugal Continental!","robots":{"index":"index","follow":"follow","max-snippet":"max-snippet:-1","max-image-preview":"max-image-preview:large","max-video-preview":"max-video-preview:-1"},"canonical":"https:\/\/vilaverdeemflor.com\/en\/product\/jardim-encantado\/","og_locale":"en_GB","og_type":"article","og_title":"Entrega flores braga | Entrega flores | Florista","og_description":"Bouquet de mistura de 50cm Entregas no distrito de Braga no pr\u00f3prio dia! Para o restante pa\u00eds- se realizar a sua encomenda at\u00e9 as 14h receber\u00e1 no dia seguinte em todo o Portugal Continental!","og_url":"https:\/\/vilaverdeemflor.com\/en\/product\/jardim-encantado\/","og_site_name":"Vila Verde em Flor","article_publisher":"https:\/\/facebook.com\/vila.verdeemflor.pt","article_modified_time":"2026-05-01T07:21:26+00:00","og_image":[{"width":300,"height":300,"url":"http:\/\/vilaverdeemflor.com\/wp-content\/uploads\/2025\/01\/IMG-20241202-WA0044-300x300-1.jpg","type":"image\/jpeg"}],"twitter_card":"summary_large_image","twitter_misc":{"Estimated reading time":"1 minute"},"schema":{"@context":"https:\/\/schema.org","@graph":[{"@type":"WebPage","@id":"https:\/\/vilaverdeemflor.com\/produto\/jardim-encantado\/","url":"https:\/\/vilaverdeemflor.com\/produto\/jardim-encantado\/","name":"Entrega flores braga | Entrega flores | Florista","isPartOf":{"@id":"https:\/\/vilaverdeemflor.com\/#website"},"primaryImageOfPage":{"@id":"https:\/\/vilaverdeemflor.com\/produto\/jardim-encantado\/#primaryimage"},"image":{"@id":"https:\/\/vilaverdeemflor.com\/produto\/jardim-encantado\/#primaryimage"},"thumbnailUrl":"https:\/\/vilaverdeemflor.com\/wp-content\/uploads\/2025\/01\/IMG-20241202-WA0044-300x300-1.jpg","datePublished":"2025-01-29T03:00:02+00:00","dateModified":"2026-05-01T07:21:26+00:00","description":"Bouquet de mistura de 50cm Entregas no distrito de Braga no pr\u00f3prio dia! Para o restante pa\u00eds- se realizar a sua encomenda at\u00e9 as 14h receber\u00e1 no dia seguinte em todo o Portugal Continental!","breadcrumb":{"@id":"https:\/\/vilaverdeemflor.com\/produto\/jardim-encantado\/#breadcrumb"},"inLanguage":"en-GB","potentialAction":[{"@type":"ReadAction","target":["https:\/\/vilaverdeemflor.com\/produto\/jardim-encantado\/"]}]},{"@type":"ImageObject","inLanguage":"en-GB","@id":"https:\/\/vilaverdeemflor.com\/produto\/jardim-encantado\/#primaryimage","url":"https:\/\/vilaverdeemflor.com\/wp-content\/uploads\/2025\/01\/IMG-20241202-WA0044-300x300-1.jpg","contentUrl":"https:\/\/vilaverdeemflor.com\/wp-content\/uploads\/2025\/01\/IMG-20241202-WA0044-300x300-1.jpg","width":300,"height":300},{"@type":"BreadcrumbList","@id":"https:\/\/vilaverdeemflor.com\/produto\/jardim-encantado\/#breadcrumb","itemListElement":[{"@type":"ListItem","position":1,"name":"In\u00edcio","item":"https:\/\/vilaverdeemflor.com\/"},{"@type":"ListItem","position":2,"name":"Loja","item":"https:\/\/vilaverdeemflor.com\/loja\/"},{"@type":"ListItem","position":3,"name":"Jardim Encantado"}]},{"@type":"WebSite","@id":"https:\/\/vilaverdeemflor.com\/#website","url":"https:\/\/vilaverdeemflor.com\/","name":"Green village in Bloom","description":"ORGANIZA\u00c7\u00c3O DE EVENTOS FLORISTA","publisher":{"@id":"https:\/\/vilaverdeemflor.com\/#organization"},"potentialAction":[{"@type":"SearchAction","target":{"@type":"EntryPoint","urlTemplate":"https:\/\/vilaverdeemflor.com\/?s={search_term_string}"},"query-input":{"@type":"PropertyValueSpecification","valueRequired":true,"valueName":"search_term_string"}}],"inLanguage":"en-GB"},{"@type":"Organization","@id":"https:\/\/vilaverdeemflor.com\/#organization","name":"Green village in Bloom","url":"https:\/\/vilaverdeemflor.com\/","logo":{"@type":"ImageObject","inLanguage":"en-GB","@id":"https:\/\/vilaverdeemflor.com\/#\/schema\/logo\/image\/","url":"https:\/\/vilaverdeemflor.com\/wp-content\/uploads\/2025\/01\/Untitled-1.webp","contentUrl":"https:\/\/vilaverdeemflor.com\/wp-content\/uploads\/2025\/01\/Untitled-1.webp","width":329,"height":44,"caption":"Vila Verde em Flor"},"image":{"@id":"https:\/\/vilaverdeemflor.com\/#\/schema\/logo\/image\/"},"sameAs":["https:\/\/facebook.com\/vila.verdeemflor.pt","https:\/\/www.instagram.com\/vilaverdeemflor\/"]}]}},"_links":{"self":[{"href":"https:\/\/vilaverdeemflor.com\/en\/wp-json\/wp\/v2\/product\/6046","targetHints":{"allow":["GET"]}}],"collection":[{"href":"https:\/\/vilaverdeemflor.com\/en\/wp-json\/wp\/v2\/product"}],"about":[{"href":"https:\/\/vilaverdeemflor.com\/en\/wp-json\/wp\/v2\/types\/product"}],"replies":[{"embeddable":true,"href":"https:\/\/vilaverdeemflor.com\/en\/wp-json\/wp\/v2\/comments?post=6046"}],"wp:featuredmedia":[{"embeddable":true,"href":"https:\/\/vilaverdeemflor.com\/en\/wp-json\/wp\/v2\/media\/6047"}],"wp:attachment":[{"href":"https:\/\/vilaverdeemflor.com\/en\/wp-json\/wp\/v2\/media?parent=6046"}],"wp:term":[{"taxonomy":"product_brand","embeddable":true,"href":"https:\/\/vilaverdeemflor.com\/en\/wp-json\/wp\/v2\/product_brand?post=6046"},{"taxonomy":"product_cat","embeddable":true,"href":"https:\/\/vilaverdeemflor.com\/en\/wp-json\/wp\/v2\/product_cat?post=6046"},{"taxonomy":"product_tag","embeddable":true,"href":"https:\/\/vilaverdeemflor.com\/en\/wp-json\/wp\/v2\/product_tag?post=6046"}],"curies":[{"name":"wp","href":"https:\/\/api.w.org\/{rel}","templated":true}]}}

<p>Bouquet de mistura de 50cm de diametro , as flores são variaveis pode escolher tons mais claros ou mais escuros</p>
<p>For deliveries in the district of Braga, in the same day!</p>
<p>For the rest of the country to make your order up to 14 to receive in the next day, in the whole of the Uk Mainland!</p>

<!-- This site is optimized with the Yoast SEO plugin v25.0 - https://yoast.com/wordpress/plugins/seo/ -->
<title>Entrega flores braga | Entrega flores | Florista</title>
<meta name="description" content="Bouquet de mistura de 50cm Entregas no distrito de Braga no próprio dia! Para o restante país- se realizar a sua encomenda até as 14h receberá no dia seguinte em todo o Portugal Continental!" />
<meta name="robots" content="index, follow, max-snippet:-1, max-image-preview:large, max-video-preview:-1" />
<link rel="canonical" href="https://vilaverdeemflor.com/en/product/jardim-encantado/" />
<meta property="og:locale" content="en_GB" />
<meta property="og:type" content="article" />
<meta property="og:title" content="Entrega flores braga | Entrega flores | Florista" />
<meta property="og:description" content="Bouquet de mistura de 50cm Entregas no distrito de Braga no próprio dia! Para o restante país- se realizar a sua encomenda até as 14h receberá no dia seguinte em todo o Portugal Continental!" />
<meta property="og:url" content="https://vilaverdeemflor.com/en/product/jardim-encantado/" />
<meta property="og:site_name" content="Vila Verde em Flor" />
<meta property="article:publisher" content="https://facebook.com/vila.verdeemflor.pt" />
<meta property="article:modified_time" content="2026-05-01T07:21:26+00:00" />
<meta property="og:image" content="http://vilaverdeemflor.com/wp-content/uploads/2025/01/IMG-20241202-WA0044-300x300-1.jpg" />
	<meta property="og:image:width" content="300" />
	<meta property="og:image:height" content="300" />
	<meta property="og:image:type" content="image/jpeg" />
<meta name="twitter:card" content="summary_large_image" />
<meta name="twitter:label1" content="Estimated reading time" />
	<meta name="twitter:data1" content="1 minute" />
<script type="application/ld+json" class="yoast-schema-graph">{"@context":"https://schema.org","@graph":[{"@type":"WebPage","@id":"https://vilaverdeemflor.com/produto/jardim-encantado/","url":"https://vilaverdeemflor.com/produto/jardim-encantado/","name":"Entrega flores braga | Entrega flores | Florista","isPartOf":{"@id":"https://vilaverdeemflor.com/#website"},"primaryImageOfPage":{"@id":"https://vilaverdeemflor.com/produto/jardim-encantado/#primaryimage"},"image":{"@id":"https://vilaverdeemflor.com/produto/jardim-encantado/#primaryimage"},"thumbnailUrl":"https://vilaverdeemflor.com/wp-content/uploads/2025/01/IMG-20241202-WA0044-300x300-1.jpg","datePublished":"2025-01-29T03:00:02+00:00","dateModified":"2026-05-01T07:21:26+00:00","description":"Bouquet de mistura de 50cm Entregas no distrito de Braga no próprio dia! Para o restante país- se realizar a sua encomenda até as 14h receberá no dia seguinte em todo o Portugal Continental!","breadcrumb":{"@id":"https://vilaverdeemflor.com/produto/jardim-encantado/#breadcrumb"},"inLanguage":"en-GB","potentialAction":[{"@type":"ReadAction","target":["https://vilaverdeemflor.com/produto/jardim-encantado/"]}]},{"@type":"ImageObject","inLanguage":"en-GB","@id":"https://vilaverdeemflor.com/produto/jardim-encantado/#primaryimage","url":"https://vilaverdeemflor.com/wp-content/uploads/2025/01/IMG-20241202-WA0044-300x300-1.jpg","contentUrl":"https://vilaverdeemflor.com/wp-content/uploads/2025/01/IMG-20241202-WA0044-300x300-1.jpg","width":300,"height":300},{"@type":"BreadcrumbList","@id":"https://vilaverdeemflor.com/produto/jardim-encantado/#breadcrumb","itemListElement":[{"@type":"ListItem","position":1,"name":"Início","item":"https://vilaverdeemflor.com/"},{"@type":"ListItem","position":2,"name":"Loja","item":"https://vilaverdeemflor.com/loja/"},{"@type":"ListItem","position":3,"name":"Jardim Encantado"}]},{"@type":"WebSite","@id":"https://vilaverdeemflor.com/#website","url":"https://vilaverdeemflor.com/","name":"Vila Verde em Flor","description":"ORGANIZAÇÃO DE EVENTOS FLORISTA","publisher":{"@id":"https://vilaverdeemflor.com/#organization"},"potentialAction":[{"@type":"SearchAction","target":{"@type":"EntryPoint","urlTemplate":"https://vilaverdeemflor.com/?s={search_term_string}"},"query-input":{"@type":"PropertyValueSpecification","valueRequired":true,"valueName":"search_term_string"}}],"inLanguage":"en-GB"},{"@type":"Organization","@id":"https://vilaverdeemflor.com/#organization","name":"Vila Verde em Flor","url":"https://vilaverdeemflor.com/","logo":{"@type":"ImageObject","inLanguage":"en-GB","@id":"https://vilaverdeemflor.com/#/schema/logo/image/","url":"https://vilaverdeemflor.com/wp-content/uploads/2025/01/Untitled-1.webp","contentUrl":"https://vilaverdeemflor.com/wp-content/uploads/2025/01/Untitled-1.webp","width":329,"height":44,"caption":"Vila Verde em Flor"},"image":{"@id":"https://vilaverdeemflor.com/#/schema/logo/image/"},"sameAs":["https://facebook.com/vila.verdeemflor.pt","https://www.instagram.com/vilaverdeemflor/"]}]}</script>
<!-- / Yoast SEO plugin. -->

Bouquet de mistura de 50cm Entregas no distrito de Braga no próprio dia! Para o restante país- se realizar a sua encomenda até as 14h receberá no dia seguinte em todo o Portugal Continental!

Início

ORGANIZAÇÃO DE EVENTOS FLORISTA
